6579901
List the prime factors of 935450242.
2, 3617, 129313
What are the prime factors of 195735745?
5, 59, 547, 1213
List the prime factors of 76373787.
3, 7, 19, 191413
What are the prime factors of 30931607?
7, 4418801
What are the prime factors of 2999261697?
3, 4817, 207547
What are the prime factors of 3486000041?
3486000041
What are the prime factors of 55722905?
5, 7, 23, 69221
List the prime factors of 176489102.
2, 71, 151, 8231
List the prime factors of 2277184116.
2, 3, 41, 563, 8221
What are the prime factors of 152103600?
2, 3, 5, 11, 23, 167
What are the prime factors of 1248273352?
2, 4027, 38747
List the prime factors of 2023472927.
7, 503, 574687
List the prime factors of 3405918637.
11, 23, 647, 20807
What are the prime factors of 5867550740?
2, 5, 19, 1091, 14153
List the prime factors of 72887087.
7, 13, 353, 2269
What are the prime factors of 1172370922?
2, 277, 313, 6761
List the prime factors of 728624592.
2, 3, 1686631
What are the prime factors of 171080703?
3, 43, 442069
What are the prime factors of 443412807?
3, 147804269
What are the prime factors of 500130266?
2, 317, 788849
What are the prime factors of 298746497?
7, 42678071
What are the prime factors of 573828872?
2, 71728609
List the prime factors of 32252018.
2, 563, 28643
List the prime factors of 750922928.
2, 7, 6704669
List the prime factors of 195608244.
2, 3, 13, 199, 6301
List the prime factors of 135541572.
2, 3, 41, 275491
List the prime factors of 46107215.
5, 7, 11, 119759
List the prime factors of 22865174.
2, 23, 497069
List the prime factors of 351672680.
2, 5, 31, 283607
What are the prime factors of 408457070?
2, 5, 7, 5835101
What are the prime factors of 804168290?
2, 5, 80416829
What are the prime factors of 184835716?
2, 13, 907, 3919
List the prime factors of 111187656.
2, 3, 431, 3583
What are the prime factors of 203740110?
2, 3, 5, 7, 35933
What are the prime factors of 30650142?
2, 3, 43, 118799
List the prime factors of 1687205823.
3, 83, 6775927
What are the prime factors of 394516939?
394516939
List the prime factors of 450008521.
19, 1246561
What are the prime factors of 1224849947?
1693, 723479
What are the prime factors of 1125139006?
2, 349, 1611947
List the prime factors of 348034286.
2, 19, 9158797
List the prime factors of 118185849.
3, 13131761
List the prime factors of 107764778.
2, 11, 101, 4409
What are the prime factors of 67089207?
3, 2953, 7573
What are the prime factors of 14134334?
2, 727, 9721
List the prime factors of 4598541717.
3, 7, 11, 67, 27011
List the prime factors of 877747034.
2, 67, 2503, 2617
What are the prime factors of 609321163?
11, 55392833
List the prime factors of 1017200594.
2, 1931, 263387
List the prime factors of 5360066753.
37, 179, 467, 1733
List the prime factors of 98548473.
3, 17, 31, 83, 751
List the prime factors of 2852152608.
2, 3, 1789, 16607
List the prime factors of 64081883.
491, 130513
What are the prime factors of 488486929?
7, 9969121
List the prime factors of 1962636632.
2, 11, 139, 281, 571
What are the prime factors of 3841653900?
2, 3, 5, 7, 261337
List the prime factors of 31001493.
3, 23, 29, 15493
List the prime factors of 6753369346.
2, 3376684673
What are the prime factors of 1383133089?
3, 13, 35464951
List the prime factors of 49649081.
1193, 41617
What are the prime factors of 1228691984?
2, 13, 293, 20161
What are the prime factors of 78859236?
2, 3, 29, 41, 5527
What are the prime factors of 60121639?
17, 3536567
What are the prime factors of 16965636?
2, 3, 41, 34483
List the prime factors of 9032008676.
2, 17, 61, 2177437
List the prime factors of 182498786.
2, 91249393
What are the prime factors of 51090090?
2, 3, 5, 79, 21557
List the prime factors of 10826242.
2, 7, 127, 6089
What are the prime factors of 3441225003?
3, 1147075001
List the prime factors of 921180888.
2, 3, 223, 57373
List the prime factors of 199450209.
3, 7, 311, 30539
List the prime factors of 15400406.
2, 7, 167, 941
What are the prime factors of 1988026513?
11, 180729683
List the prime factors of 200707054.
2, 41, 2447647
What are the prime factors of 5484672522?
2, 3, 7, 137, 317731
What are the prime factors of 21987526?
2, 11, 999433
What are the prime factors of 7662989631?
3, 11, 541, 429227
What are the prime factors of 1648556376?
2, 3, 68689849
What are the prime factors of 1490646753?
3, 67, 824017
List the prime factors of 2210865707.
19, 4799, 24247
What are the prime factors of 51587550?
2, 3, 5, 7, 53, 103
List the prime factors of 3237012897.
3, 1079004299
What are the prime factors of 92477889?
3, 7, 67, 109
What are the prime factors of 3772717785?
3, 5, 83838173
List the prime factors of 126938157.
3, 37, 1143587
List the prime factors of 586973789.
586973789
List the prime factors of 111698416.
2, 19, 79, 4651
List the prime factors of 72117314.
2, 1021, 35317
What are the prime factors of 121931230?
2, 5, 43, 233, 1217
List the prime factors of 4765300.
2, 5, 47653
List the prime factors of 131570019.
3, 7, 2088413
List the prime factors of 47397643.
47397643
List the prime factors of 3062960075.
5, 7, 19, 921191
List the prime factors of 31212945.
3, 5, 77069
List the prime factors of 79771114.
2, 223, 178859
List the prime factors of 173721534.
2, 3, 7, 61, 67807
What are the prime factors of 6819178429?
7, 974168347
List the prime factors of 26699653.
101, 264353
What are the prime factors of 77445635?
5, 67, 151, 1531
What are the prime factors of 6752072574?
2, 3, 13, 107, 89891
List the prime factors of 10600554.
2, 3, 17, 103, 1009
What are the prime factors of 1912898?
2, 13, 29, 43, 59
What are the prime factors of 309208619?
23, 13443853
What are the prime factors of 2396359732?
2, 13, 83, 151, 3677
List the prime factors of 66520545.
3, 5, 7, 13, 48733
List the prime factors of 560274658.
2, 4519, 61991
List the prime factors of 197924140.
2, 5, 19, 520853
What are the prime factors of 257508803?
149, 1728247
List the prime factors of 522263977.
522263977
List the prime factors of 311836717.
2939, 106103
List the prime factors of 82520570.
2, 5, 11, 757, 991
What are the prime factors of 2703320375?
5, 7, 83, 37223
List the prime factors of 422039867.
14783, 28549
List the prime factors of 33416259.
3, 11138753
List the prime factors of 2530483302.
2, 3, 421747217
List the prime factors of 444809063.
17, 26165239
List the prime factors of 42062468.
2, 7, 89, 16879
List the prime factors of 121443599.
41, 2962039
List the prime factors of 55324156.
2, 53, 163, 1601
List the prime factors of 1531458398.
2, 59, 83, 271, 577
What are the prime factors of 154412966?
2, 443, 174281
List the prime factors of 646102029.
3, 37, 5820739
What are the prime factors of 979124206?
2, 181, 239, 11317
What are the prime factors of 64666525?
5, 7, 11, 4799
List the prime factors of 661686451.
43, 101, 251, 607
List the prime factors of 164658366.
2, 3, 89, 34261
List the prime factors of 1613597974.
2, 19009, 42443
List the prime factors of 33012686.
2, 7, 2358049
List the prime factors of 31359446.
2, 15679723
List the prime factors of 133592279.
133592279
What are the prime factors of 891571827?
3, 19, 1787, 8753
List the prime factors of 357098286.
2, 3, 29, 311, 6599
List the prime factors of 51218388.
2, 3, 13, 109441
What are the prime factors of 1917262783?
1917262783
What are the prime factors of 205214141?
11, 31, 601801
List the prime factors of 1428696388.
2, 7, 17, 3001463
List the prime factors of 412788586.
2, 7, 61, 89, 5431
List the prime factors of 1522487441.
1522487441
What are the prime factors of 210846162?
2, 3, 89, 127, 3109
What are the prime factors of 955286568?
2, 3, 4422623
List the prime factors of 31591085.
5, 509, 12413
What are the prime factors of 16005995?
5, 3201199
What are the prime factors of 64832029?
37, 41, 42737
What are the prime factors of 335271585?
3, 5, 11, 71, 28619
What are the prime factors of 382462576?
2, 991, 24121
What are the prime factors of 55184486?
2, 7, 47, 11981
What are the prime factors of 8942842170?
2, 3, 5, 61, 1628933
List the prime factors of 454198147.
13, 71, 37853
What are the prime factors of 10005195?
3, 5, 667013
List the prime factors of 4779431754.
2, 3, 796571959
What are the prime factors of